g) = 52*g**2 + 11849*g - 1628. What is r(-228)?
-32
Let m(q) = -1082*q**2 + 40113*q - 2918. Calculate m(37).
5
Let t(a) = -3561*a + 20902. Give t(6).
-464
Let s(d) = -d**2 - 343*d - 19999. Determine s(-75).
101
Let p(w) = 431*w**2 + 24568*w + 54. Determine p(-57).
-3
Let s(a) = -16*a**2 + 1418*a + 6681. Determine s(93).
171
Let w(i) = -1097*i**3 - 1099*i**2 - 18*i - 17. What is w(-1)?
-1
Let a(r) = r**3 - 6*r**2 + 8*r - 53. Give a(4).
-53
Let q(k) = k**3 - 39*k**2 + 194*k - 2. Give q(33).
-134
Let i(c) = -c**3 + 33*c**2 + 409*c + 12. Determine i(-10).
222
Let s(y) = -y**2 - 1024*y - 40271. Determine s(-41).
32
Let g(f) = -f**2 - 13742*f + 220144. Determine g(16).
16
Let j(s) = -103*s**3 + 424*s**2 - 2*s - 142. Give j(4).
42
Let x(l) = 2820*l + 98730. Calculate x(-35).
30
Let l(o) = 4776*o - 893108. What is l(187)?
4
Let a(x) = x**2 + 106*x - 2096. Calculate a(-124).
136
Let l(x) = 2*x**3 + 248*x**2 - 614*x - 13766. Calculate l(-126).
94
Let v(u) = -2*u**3 - 8*u**2 + 185*u + 423. Calculate v(-11).
82
Let g(d) = -22910*d - 183405. Determine g(-8).
-125
Let o(y) = -150794*y + 7690451. Determine o(51).
-43
Let u(v) = -2*v**2 - 1808*v + 12747. Calculate u(7).
-7
Let i(b) = 152*b**3 + 971*b**2 + 338*b - 19. Determine i(-6).
77
Let r(a) = 3*a**2 - 19*a + 221. Give r(9).
293
Let f(o) = -13*o**3 - 494*o**2 + 6*o + 234. Calculate f(-38).
6
Let d(y) = y**3 - 28*y**2 + 304*y - 10948. What is d(30)?
-28
Let d(f) = -16*f**2 + 186*f - 278. Calculate d(10).
-18
Let h(u) = -3*u**3 + 1606*u + 9619. Calculate h(-6).
631
Let r(y) = 12*y**3 - 790*y**2 + 4734*y - 26. Give r(6).
2530
Let j(k) = -3978*k + 35784. Give j(9).
-18
Let x(w) = 2*w**3 - 109*w**2 + 697*w + 386. What is x(8)?
10
Let i(p) = p**3 - 164*p**2 + 1388*p + 66. What is i(9)?
3
Let y(i) = i**2 - 243*i + 7749. Give y(33).
819
Let h(v) = -27606*v - 27624. What is h(-1)?
-18
Let k(c) = -c**2 - 857*c + 7786. Give k(9).
-8
Let v(h) = -1228314*h - 11054856. Determine v(-9).
-30
Let p(m) = 241*m - 25550. Determine p(108).
478
Let n(x) = x**3 + 39*x**2 + 326*x + 762. Give n(-6).
-6
Let k(l) = l**2 - 6109*l - 79591. Give k(-13).
-5
Let g(u) = 1978*u + 393695. What is g(-199)?
73
Let l(b) = -7*b**2 - 274*b - 1590. Calculate l(-32).
10
Let g(y) = -120*y + 26578. What is g(216)?
658
Let p(a) = 20*a**2 + 3425*a - 2563. Give p(-172).
17
Let y(x) = -208636*x + 16899524. Determine y(81).
8
Let a(f) = -2*f**3 + 117*f**2 + 283*f - 25889. What is a(57)?
-11
Let v(o) = 15674*o + 282144. Determine v(-18).
12
Let g(v) = 67*v**3 + 980*v**2 - 371*v + 57. Give g(-15).
-3
Let x(d) = 444*d**3 - 18*d**2 - 19*d. What is x(-1)?
-443
Let q(v) = -165*v + 10252. Determine q(55).
1177
Let s(m) = 2*m**3 - 116*m**2 - 231*m - 125. Determine s(60).
415
Let c(a) = 10*a**2 + 157*a - 734. Determine c(5).
301
Let j(g) = -g**3 + 194*g**2 + 295*g - 94570. Give j(193).
-386
Let z(m) = -m**3 - 58*m**2 - 164*m + 2399. Give z(5).
4
Let j(a) = a**2 - 2407*a - 68181. Determine j(-28).
-1
Let h(d) = 222*d - 7170. Give h(34).
378
Let u(n) = 4*n**3 + 506*n**2 + 242*n - 1281. Determine u(-126).
-21
Let g(x) = 4*x**2 + 882*x - 18222. Determine g(22).
3118
Let y(c) = c**3 + 71*c**2 + 558*c + 191. Determine y(-62).
191
Let j(l) = 56979*l + 3988534. Determine j(-70).
4
Let l(u) = -94577*u - 10781785. Calculate l(-114).
-7
Let u(q) = q**3 - 50*q**2 - 1128*q - 5279. Determine u(-10).
1
Let u(j) = -j**3 - 11*j**2 + 165*j + 1689. Calculate u(-10).
-61
Let b(f) = -f**3 + 5*f**2 + 69*f - 217. Determine b(8).
143
Let o(h) = -1080*h + 38979. What is o(36)?
99
Let d(a) = a**3 + 122*a**2 + 808*a - 208. What is d(-115)?
-553
Let y(a) = 3*a**3 - 630*a**2 - 634*a + 266. Calculate y(211).
55
Let d(a) = 12768*a + 38281. Determine d(-3).
-23
Let t(d) = 790*d - 51763. Give t(65).
-413
Let h(n) = -n**2 - 318*n - 24500. Determine h(-187).
-3
Let x(p) = 8*p**3 + 843*p**2 + 307*p - 918. Calculate x(-105).
-78
Let g(k) = 34*k**2 - 83*k - 879. What is g(-4)?
-3
Let u(h) = 6*h**3 + 38*h**2 + 399*h + 3701. Give u(-9).
-1186
Let h(k) = k**3 + 38*k**2 + 394*k + 414. What is h(-20)?
-266
Let g(s) = -s**3 + 108*s**2 - 1340*s - 68637. What is g(81)?
-30
Let c(g) = -52903*g**2 - 52850*g + 56. What is c(-1)?
3
Let o(c) = -1826*c**2 + 5449*c + 86. Give o(3).
-1
Let n(w) = -5761*w + 22638. What is n(4)?
-406
Let g(o) = -43101*o - 258607. Determine g(-6).
-1
Let m(f) = f**3 + 177*f**2 - 3730*f - 1219. Calculate m(-196).
-43
Let t(n) = -n**3 + 105*n**2 - 117*n + 3715. What is t(104)?
2363
Let d(v) = 31*v**2 + 1329*v - 793. Determine d(-44).
747
Let j(s) = -1266*s - 4777. Determine j(-4).
287
Let c(i) = -5*i**2 - 2094*i - 20430. Determine c(-10).
10
Let s(v) = -v**2 - 6328*v - 188918. What is s(-30)?
22
Let j(l) = 2*l**2 + 15771*l - 3533128. What is j(218)?
-2
Let x(h) = -1249*h - 22479. Calculate x(-18).
3
Let a(z) = z**3 + 12*z**2 + 737*z + 4209. Determine a(-6).
3
Let q(m) = -3*m**2 - 98*m - 1562. What is q(-20)?
-802
Let v(t) = -91937*t**2 + 7630770*t + 88. What is v(83)?
5
Let c(p) = -2*p**3 - 1759*p**2 - 3645*p + 648980. Calculate c(-877).
0
Let i(u) = -u**2 + 27*u + 2181. Determine i(64).
-187
Let u(o) = -299*o - 20498. Calculate u(-70).
432
Let l(c) = -63*c**2 + 673*c + 79. Give l(11).
-141
Let l(r) = -r**2 - 509*r + 11672. What is l(22)?
-10
Let p(r) = 485*r - 43551. Give p(92).
1069
Let d(q) = -9*q**2 + 4643*q + 23442. Calculate d(-5).
2
Let q(k) = 4*k**3 + 11*k**2 + 16*k - 2161. Calculate q(0).
-2161
Let q(d) = 2*d**3 + 27*d**2 - 80*d - 307. Determine q(-16).
-307
Let k(q) = 2*q**3 + 94*q**2 + 348*q - 43. What is k(-43)?
-215
Let w(j) = 2*j**3 + 72*j**2 - 68*j - 217. Give w(-37).
-439
Let h(d) = 1593*d + 455527. Calculate h(-286).
-71
Let w(n) = -11225*n + 22165. Determine w(2).
-285
Let v(j) = -50*j**2 - 58*j + 167. What is v(3)?
-457
Let z(g) = -2*g**2 + 83*g + 6170. Give z(-55).
-4445
Let g(t) = 17*t**2 - 99*t - 85. What is g(7)?
55
Let y(q) = -297499*q - 297513. Determine y(-1).
-14
Let j(c) = 1195*c + 93165. What is j(-78)?
-45
Let y(t) = -6252*t - 12538. Give y(-2).
-34
Let v(a) = -a**3 + 30*a**2 + 865*a - 97. Determine v(48).
-49
Let n(z) = -798*z - 86909. Determine n(-109).
73
Let t(i) = 1914*i + 101286. What is t(-53)?
-156
Let f(k) = -k**3 - 15*k**2 + 15*k + 228. Calculate f(-4).
-8
Let b(l) = l**2 - 704*l - 34288. Calculate b(-49).
2609
Let a(r) = -46788*r + 46845. What is a(1)?
57
Let a(k) = 1676*k + 80857. Calculate a(-48).
409
Let z(t) = -t**2 + 3676*t - 141808. What is z(39)?
35
Let m(k) = 2*k**3 + 52*k**2 + 114*k - 214. Determine m(-25).
-1814
Let z(c) = c**3 + 279*c**2 - 10295*c + 21. Give z(33).
54
Let i(r) = 2*r**2 + 335*r - 11378. Determine i(29).
19
Let s(w) = 14*w**2 - 2070*w - 2358. Give s(149).
26
Let y(c) = -3*c**3 + 219*c**2 - 241*c + 1774. What is y(72)?
-26
Let c(m) = -36*m**3 - 2376*m**2 - 8927*m + 69. Determine c(-62).
7
Let p(k) = 37571*k - 1352572. Determine p(36).
-16
Let a(c) = -16*c**2 - 1125*c - 13277. Determine a(-15).
-2
Let o(y) = -11*y**2 - 551*y + 6614. Give o(10).
4
Let q(k) = 2708712*k + 111057196. Give q(-41).
4
Let p(s) = -27*s**3 + 85*s**2 - 93*s + 234. What is p(3)?
-9
Let a(v) = -v**3 + 47*v**2 + 401*v - 18. What is a(-8)?
294
Let x(k) = 1158*k + 49791. Calculate x(-43).
-3
Let x(u) = -7*u**2 - 244*u + 11144. Determine x(26).
68
Let c(p) = -151*p**3 + 2131*p**2 - 238*p - 7. Calculate c(14).
-7
Let q(y) = y**3 + 45*y**2 + 140*y - 67. Determine q(-42).
-655
Let m(y) = -577*y**2 + 1651*y - 32. What is m(3)?
-272
Let a(p) = -9*p**2 - 7009*p - 13990. Give a(-2).
-8
Let h(v) = -869*v + 59949. Give h(69).
-12
Let u(c) = 1778*c**2 + 7*c - 572. Calculate u(0).
-572
Let m(k) = 29*k**2 + 14308*k + 42932. Determine m(-3).
269
Let u(q) = -742*q - 71243. What is u(-96)?
-11
Let z(u) = -1429*u - 4584. Calculate z(-3).
-297
Let k(u) = -u**3 - 2*u**2 - 244*u - 4940. Calculate k(-13).
91
Let c(r) = -35683*r - 1248896. Determine c(-35).
9
Let b(q) = -12*q**3 + 11*q**2 - 39*q + 174. What is b(5)?
-1246
Let i(u) = 6138*u**2 + 1006632*u + 4. Determine i(-164).
4
Let l(r) = -23*r**2 + 419*r - 49. Give l(18).
41
Let q(m) = -6727*m + 67649. Determine q(10).
379
Let n(t) = 7094*t - 766275. Give n(108).
-123
Let r(b) = -2927*b - 216534. Give r(-74).
64
Let w(l) = 306*l**3 - 2*l**2 + 490*l - 490. Determine w(1).
304
Let i(r) = 96*r**2 - 2181*r - 24657. Determ